{"id":10,"date":"2018-03-15T20:35:07","date_gmt":"2018-03-15T20:35:07","guid":{"rendered":"http:\/\/localhost:8888\/globalnetwork\/?page_id=10"},"modified":"2018-07-20T16:31:18","modified_gmt":"2018-07-20T19:31:18","slug":"mision-y-objetivos","status":"publish","type":"page","link":"https:\/\/www.catunescomujer.org\/globalnetwork\/es\/mision-y-objetivos\/","title":{"rendered":"Misi\u00f3n y objetivos"},"content":{"rendered":"<h4>Esta Red est\u00e1 dedicada a estimular el intercambio sistem\u00e1tico de informaci\u00f3n, la comunicaci\u00f3n y el trabajo colaborativo entre las C\u00e1tedras UNESCO y otras organizaciones dedicadas al an\u00e1lisis de g\u00e9nero a nivel internacional.<\/h4>\n<p>&nbsp;<\/p>\n<h4>Sus objetivos son:<\/h4>\n<hr \/>\n<h4><\/h4>\n","protected":false},"excerpt":{"rendered":"<p>Esta Red est\u00e1 dedicada a estimular el intercambio sistem\u00e1tico de informaci\u00f3n, la comunicaci\u00f3n y el trabajo colaborativo entre las C\u00e1tedras [&#8230;]<\/p>\n<p><a class=\"btn btn-secondary understrap-read-more-link\" href=\"https:\/\/www.catunescomujer.org\/globalnetwork\/es\/mision-y-objetivos\/\">Read More&#8230;<span class=\"screen-reader-text\"> from Misi\u00f3n y objetivos<\/span><\/a><\/p>\n","protected":false},"author":1,"featured_media":0,"parent":0,"menu_order":2,"comment_status":"closed","ping_status":"closed","template":"page-templates\/template-mision.php","meta":{"_acf_changed":false,"footnotes":""},"class_list":["post-10","page","type-page","status-publish","hentry"],"acf":[],"_links":{"self":[{"href":"https:\/\/www.catunescomujer.org\/globalnetwork\/wp-json\/wp\/v2\/pages\/10","targetHints":{"allow":["GET"]}}],"collection":[{"href":"https:\/\/www.catunescomujer.org\/globalnetwork\/wp-json\/wp\/v2\/pages"}],"about":[{"href":"https:\/\/www.catunescomujer.org\/globalnetwork\/wp-json\/wp\/v2\/types\/page"}],"author":[{"embeddable":true,"href":"https:\/\/www.catunescomujer.org\/globalnetwork\/wp-json\/wp\/v2\/users\/1"}],"replies":[{"embeddable":true,"href":"https:\/\/www.catunescomujer.org\/globalnetwork\/wp-json\/wp\/v2\/comments?post=10"}],"version-history":[{"count":15,"href":"https:\/\/www.catunescomujer.org\/globalnetwork\/wp-json\/wp\/v2\/pages\/10\/revisions"}],"predecessor-version":[{"id":390,"href":"https:\/\/www.catunescomujer.org\/globalnetwork\/wp-json\/wp\/v2\/pages\/10\/revisions\/390"}],"wp:attachment":[{"href":"https:\/\/www.catunescomujer.org\/globalnetwork\/wp-json\/wp\/v2\/media?parent=10"}],"curies":[{"name":"wp","href":"https:\/\/api.w.org\/{rel}","templated":true}]}}